{"id":1106,"date":"2020-07-21T11:31:38","date_gmt":"2020-07-21T09:31:38","guid":{"rendered":"http:\/\/pleszew.zhp.wlkp.pl\/?page_id=1106"},"modified":"2020-07-27T23:09:31","modified_gmt":"2020-07-27T21:09:31","slug":"wielki-turniej-zastepow","status":"publish","type":"page","link":"http:\/\/pleszew.zhp.wlkp.pl\/?page_id=1106","title":{"rendered":"Wielki Turniej Zast\u0119p\u00f3w 2018\/2019"},"content":{"rendered":"\n<p class=\"has-text-align-center has-medium-font-size\"><strong>Tytu\u0142 Mistrzowskiego Zast\u0119pu roku 2017\/2018 zdoby\u0142<\/strong><br><strong>zast\u0119p &#8222;Inka&#8221; z 16 Dru\u017cyny Harcerskiej im. Ludwika Zawieji<\/strong><\/p>\n\n\n\n<p>Zg\u0142oszone zast\u0119py:<\/p>\n\n\n\n<ul class=\"wp-block-list\"><li>Zast\u0119p &#8222;I&#8221; zast\u0119powa: och. Agata Woli\u0144ska<\/li><li>Zast\u0119p &#8222;II&#8221; zast\u0119powy: och. Dagmara Grabowska<\/li><li>Zast\u0119p &#8222;III&#8221; zast\u0119powy: m\u0142. Filip Fabisiak<\/li><li>Zast\u0119p &#8222;Feniks&#8221; zast\u0119powa: och. Martyna Doma\u0144ska<\/li><li>Zast\u0119p &#8222;Kuny&#8221; zast\u0119powy: m\u0142. Pawe\u0142 Pietrowski<\/li><li>Zast\u0119p &#8222;Jelenie&#8221; zast\u0119powy: \u0107w. Szymon Mielcarek<\/li><\/ul>\n\n\n\n<p class=\"has-text-color has-very-dark-gray-color\"><strong>Zadania:<br><\/strong>1.&nbsp;<a href=\"https:\/\/drive.google.com\/open?id=1e3LRekP9HMAz3QgxVBKBO3afoNbrx6vr\" target=\"_blank\" rel=\"noreferrer noopener\">Zadania d\u0142ugoterminowe<\/a><br>2.&nbsp;<a href=\"https:\/\/drive.google.com\/open?id=1CJU2QFRUbhXCYkivWmxOJkrygxDHsDn0\" target=\"_blank\" rel=\"noreferrer noopener\">\u015awi\u0119to Niepodleg\u0142o\u015bci<\/a><br>3.&nbsp;<a href=\"https:\/\/drive.google.com\/open?id=1qhkffby9KMerub0gMN7coU4G8tfLq8Gn\" target=\"_blank\" rel=\"noreferrer noopener\">Betlejemskie \u015awiat\u0142o Pokoju<\/a><br>4.&nbsp;<a href=\"https:\/\/drive.google.com\/open?id=1gxfNE1LqmQQE2ztMVcINkC4XLswQ5CG5\" target=\"_blank\" rel=\"noreferrer noopener\">Powstanie wielkopolskie<\/a><br>5.&nbsp;<a href=\"https:\/\/drive.google.com\/open?id=1SHvbZwMMulZXdAN6-DwzlaVqTL-yo_qH\" target=\"_blank\" rel=\"noreferrer noopener\">Wielka Orkiestra \u015awi\u0105tecznej Pomocy<\/a><br>6.&nbsp;<a href=\"https:\/\/drive.google.com\/open?id=1DpEaIasGPamUJPAEA3BkyqCWrNg3qoIJ\" target=\"_blank\" rel=\"noreferrer noopener\">Dzie\u0144 My\u015bli Braterskiej<\/a><\/p>\n\n\n\n<p class=\"has-text-color has-very-dark-gray-color\"><strong>Regulamin i karta zg\u0142oszenia:<\/strong><br><a href=\"https:\/\/drive.google.com\/open?id=1v6UWRnFzKybHhtZbtxNt6Js5t3ioQX2W\" target=\"_blank\" rel=\"noreferrer noopener\">Regulamin<\/a><br><a href=\"https:\/\/drive.google.com\/open?id=1lenarY0aBV714iPPY888FiERiIFavNBy\" target=\"_blank\" rel=\"noreferrer noopener\">Karta Zg\u0142oszenia<\/a><\/p>\n","protected":false},"excerpt":{"rendered":"<p class=\"excerpt\">Tytu\u0142 Mistrzowskiego Zast\u0119pu roku 2017\/2018 zdoby\u0142zast\u0119p &#8222;Inka&#8221; z 16 Dru\u017cyny Harcerskiej im. Ludwika Zawieji Zg\u0142oszone zast\u0119py: Zast\u0119p &#8222;I&#8221; zast\u0119powa: och. Agata Woli\u0144ska Zast\u0119p &#8222;II&#8221; zast\u0119powy: och. Dagmara Grabowska Zast\u0119p &#8222;III&#8221; zast\u0119powy: m\u0142. Filip Fabisiak Zast\u0119p &#8222;Feniks&#8221; zast\u0119powa: och. Martyna Doma\u0144ska Zast\u0119p &#8222;Kuny&#8221; zast\u0119powy: m\u0142. Pawe\u0142 Pietrowski Zast\u0119p &#8222;Jelenie&#8221; zast\u0119powy: \u0107w. Szymon Mielcarek Zadania:1.&nbsp;Zadania d\u0142ugoterminowe2.&nbsp;\u015awi\u0119to Niepodleg\u0142o\u015bci3.&nbsp;Betlejemskie \u015awiat\u0142o Pokoju4.&nbsp;Powstanie wielkopolskie5.&nbsp;Wielka Orkiestra \u015awi\u0105tecznej&hellip; <a href=\"http:\/\/pleszew.zhp.wlkp.pl\/?page_id=1106\">Read more &rarr;<\/a><\/p>\n","protected":false},"author":2,"featured_media":1118,"parent":0,"menu_order":0,"comment_status":"closed","ping_status":"closed","template":"","meta":{"footnotes":""},"class_list":["post-1106","page","type-page","status-publish","has-post-thumbnail","hentry","xfolkentry"],"jetpack_sharing_enabled":true,"_links":{"self":[{"href":"http:\/\/pleszew.zhp.wlkp.pl\/index.php?rest_route=\/wp\/v2\/pages\/1106","targetHints":{"allow":["GET"]}}],"collection":[{"href":"http:\/\/pleszew.zhp.wlkp.pl\/index.php?rest_route=\/wp\/v2\/pages"}],"about":[{"href":"http:\/\/pleszew.zhp.wlkp.pl\/index.php?rest_route=\/wp\/v2\/types\/page"}],"author":[{"embeddable":true,"href":"http:\/\/pleszew.zhp.wlkp.pl\/index.php?rest_route=\/wp\/v2\/users\/2"}],"replies":[{"embeddable":true,"href":"http:\/\/pleszew.zhp.wlkp.pl\/index.php?rest_route=%2Fwp%2Fv2%2Fcomments&post=1106"}],"version-history":[{"count":8,"href":"http:\/\/pleszew.zhp.wlkp.pl\/index.php?rest_route=\/wp\/v2\/pages\/1106\/revisions"}],"predecessor-version":[{"id":1122,"href":"http:\/\/pleszew.zhp.wlkp.pl\/index.php?rest_route=\/wp\/v2\/pages\/1106\/revisions\/1122"}],"wp:featuredmedia":[{"embeddable":true,"href":"http:\/\/pleszew.zhp.wlkp.pl\/index.php?rest_route=\/wp\/v2\/media\/1118"}],"wp:attachment":[{"href":"http:\/\/pleszew.zhp.wlkp.pl\/index.php?rest_route=%2Fwp%2Fv2%2Fmedia&parent=1106"}],"curies":[{"name":"wp","href":"https:\/\/api.w.org\/{rel}","templated":true}]}}